{"id":18006,"date":"2018-12-22T15:01:58","date_gmt":"2018-12-22T17:01:58","guid":{"rendered":"http:\/\/puppyboom.com.br\/loja\/?page_id=18006"},"modified":"2018-12-22T15:17:53","modified_gmt":"2018-12-22T17:17:53","slug":"imas-de-ferrite","status":"publish","type":"page","link":"https:\/\/puppyboom.com.br\/loja\/imas-de-ferrite\/","title":{"rendered":"Im\u00e3s de Ferrite"},"content":{"rendered":"\n  <div class=\"banner has-hover has-parallax\" id=\"banner-597554815\">\n          <div class=\"banner-inner fill\">\n        <div class=\"banner-bg fill\" data-parallax=\"-3\" data-parallax-container=\".banner\" data-parallax-background>\n            <div class=\"bg fill bg-fill bg-loaded\"><\/div>\n                        <div class=\"overlay\"><\/div>            \n                    <\/div>\n\t\t\n        <div class=\"banner-layers container\">\n            <div class=\"fill banner-link\"><\/div>            \n   <div id=\"text-box-29947030\" class=\"text-box banner-layer x50 md-x50 lg-x50 y100 md-y75 lg-y75 res-text\">\n                                <div class=\"text-box-content text dark\">\n              \n              <div class=\"text-inner text-center\">\n                  \n<h1 class=\"lead\">IM\u00c3S DE FERRITE<\/h1>\n              <\/div>\n           <\/div>\n                            \n<style>\n#text-box-29947030 {\n  width: 80%;\n}\n#text-box-29947030 .text-box-content {\n  font-size: 100%;\n}\n<\/style>\n    <\/div>\n \n        <\/div>\n      <\/div>\n\n            \n<style>\n#banner-597554815 {\n  padding-top: 400px;\n}\n#banner-597554815 .bg.bg-loaded {\n  background-image: url(https:\/\/puppyboom.com.br\/loja\/wp-content\/uploads\/2018\/06\/slide-sobre.jpg);\n}\n#banner-597554815 .overlay {\n  background-color: rgba(0, 0, 0, 0.7);\n}\n#banner-597554815 .bg {\n  background-position: 66% 92%;\n}\n@media (min-width:550px) {\n  #banner-597554815 {\n    padding-top: 507px;\n  }\n  #banner-597554815 .overlay {\n    background-color: rgba(0, 0, 0, 0.6);\n  }\n}\n<\/style>\n  <\/div>\n\n\n<div class=\"row\"  id=\"row-1157478020\">\n\n\t<div id=\"col-836483328\" class=\"col small-12 large-12\"  >\n\t\t\t\t<div class=\"col-inner\"  >\n\t\t\t\n\t\t\t\n<p class=\"lead\">CUIDAMOS DE VOC\u00ca E DO SEU MELHOR AMIGO COM MAGNETOTERAPIA!!!<\/p>\n\t<div class=\"img has-hover x md-x lg-x y md-y lg-y\" id=\"image_2125523866\">\n\t\t\t\t\t\t\t\t<div class=\"img-inner dark\" >\n\t\t\t<img loading=\"lazy\" decoding=\"async\" width=\"768\" height=\"558\" src=\"https:\/\/puppyboom.com.br\/loja\/wp-content\/uploads\/2018\/12\/Im\u00e3s-de-Ferrite-768x558.jpg\" class=\"attachment-large size-large\" alt=\"\" srcset=\"https:\/\/puppyboom.com.br\/loja\/wp-content\/uploads\/2018\/12\/Im\u00e3s-de-Ferrite-768x558.jpg 768w, https:\/\/puppyboom.com.br\/loja\/wp-content\/uploads\/2018\/12\/Im\u00e3s-de-Ferrite-768x558-551x400.jpg 551w, https:\/\/puppyboom.com.br\/loja\/wp-content\/uploads\/2018\/12\/Im\u00e3s-de-Ferrite-768x558-510x371.jpg 510w\" sizes=\"(max-width: 768px) 100vw, 768px\" \/>\t\t\t\t\t\t\n\t\t\t\t\t<\/div>\n\t\t\t\t\t\t\t\t\n<style>\n#image_2125523866 {\n  width: 100%;\n}\n<\/style>\n\t<\/div>\n\t\n<div class=\"text-center\"><div class=\"is-divider divider clearfix\" ><\/div><\/div>\n\t\t<\/div>\n\t\t\t\t\t<\/div>\n\n\t\n\n\t<div id=\"col-847013183\" class=\"col small-12 large-12\"  >\n\t\t\t\t<div class=\"col-inner\"  >\n\t\t\t\n\t\t\t\n<h2>Auxiliam no al\u00edvio do STRESS, INS\u00d4NIA, FADIGA, COLUNA, TENS\u00c3O E M\u00c1 CIRCULA\u00c7\u00c3O, conforme abaixo:<\/h2>\n<p class=\"lead\"><img loading=\"lazy\" decoding=\"async\" class=\"alignnone size-full wp-image-18009 alignleft\" src=\"http:\/\/puppyboom.com.br\/loja\/wp-content\/uploads\/2018\/12\/Im\u00e3s-de-Ferrite.png\" alt=\"\" width=\"229\" height=\"286\" \/>Magnetos ou Ferrite de Barion, s\u00e3o im\u00e3s com 800 gauss de intensidade magn\u00e9tica (cientificamente estabelecida) que geram um campo magn\u00e9tico constante (magnetoterapia), proporcionando a oxigena\u00e7\u00e3o do sangue e a ativa\u00e7\u00e3o da circula\u00e7\u00e3o sangu\u00ednea.<\/p>\n<p class=\"lead\">Com a altera\u00e7\u00e3o do campo magn\u00e9tico, o ser humano sofre, uma s\u00e9rie de transtornos, entre elas, a s\u00edndrome de escassez magn\u00e9tica.<\/p>\n<p class=\"lead\"><strong>A magnetoterapia:<\/strong><\/p>\n<ul class=\"lista-valores\">\n<li class=\"bullet-checkmark\">Equilibra o magnetismo do nosso corpo.<\/li>\n<li class=\"bullet-checkmark\">Atua sobre o sistema imunol\u00f3gico, aumentando a resist\u00eancia do organismo contra as doen\u00e7as.\n<\/li>\n<li class=\"bullet-checkmark\">Aciona a troca de polaridade celular, o que faz aumentar o limiar da sensibilidade \u00e0 dor e relaxa o sistema nervoso aut\u00f4nomo.<\/li>\n<li class=\"bullet-checkmark\">Auxilia tamb\u00e9m a regular o funcionamento das gl\u00e2ndulas.<\/li>\n<li class=\"bullet-checkmark\">Contribui para a estabiliza\u00e7\u00e3o do padr\u00e3o gen\u00e9tico da c\u00e9lula.<\/li>\n<\/ul>\n<p class=\"lead\">Esta tecnologia est\u00e1 presente na linha Pet (Puppy Boom) nos Colchonetes Ortop\u00e9dicos Terap\u00eauticos e na linha People (Puppy Boom People) nos Colchonetes Ortop\u00e9dicos Kids (tamb\u00e9m nos Colch\u00e3onetes Ortop\u00e9dicos Kids) e Apoios (almofadas) para pesco\u00e7o.<\/p>\n<p class=\"lead\">Puppy Boom &#038; Puppy Boom People produtos altamente tecnol\u00f3gicos e diferenciados!!!<\/p>\n<p class=\"lead\"><strong>Proibido o uso de magnetismo para portadores de marca-passo.<\/strong><\/p>\n\t\t<\/div>\n\t\t\t\t\t<\/div>\n\n\t\n<\/div>\n","protected":false},"excerpt":{"rendered":"","protected":false},"author":5,"featured_media":0,"parent":0,"menu_order":0,"comment_status":"closed","ping_status":"closed","template":"page-transparent-header-light.php","meta":{"footnotes":""},"yoast_head":"<!-- This site is optimized with the Yoast SEO plugin v21.5 - https:\/\/yoast.com\/wordpress\/plugins\/seo\/ -->\n<title>Im\u00e3s de Ferrite - Puppy Boom<\/title>\n<meta name=\"robots\" content=\"index, follow, max-snippet:-1, max-image-preview:large, max-video-preview:-1\" \/>\n<link rel=\"canonical\" href=\"https:\/\/puppyboom.com.br\/loja\/imas-de-ferrite\/\" \/>\n<meta property=\"og:locale\" content=\"pt_BR\" \/>\n<meta property=\"og:type\" content=\"article\" \/>\n<meta property=\"og:title\" content=\"Im\u00e3s de Ferrite - Puppy Boom\" \/>\n<meta property=\"og:url\" content=\"https:\/\/puppyboom.com.br\/loja\/imas-de-ferrite\/\" \/>\n<meta property=\"og:site_name\" content=\"Puppy Boom\" \/>\n<meta property=\"article:publisher\" content=\"https:\/\/www.facebook.com\/puppyboomoficial\/\" \/>\n<meta property=\"article:modified_time\" content=\"2018-12-22T17:17:53+00:00\" \/>\n<meta name=\"twitter:card\" content=\"summary_large_image\" \/>\n<meta name=\"twitter:label1\" content=\"Est. tempo de leitura\" \/>\n\t<meta name=\"twitter:data1\" content=\"1 minuto\" \/>\n<script type=\"application\/ld+json\" class=\"yoast-schema-graph\">{\"@context\":\"https:\/\/schema.org\",\"@graph\":[{\"@type\":\"WebPage\",\"@id\":\"https:\/\/puppyboom.com.br\/loja\/imas-de-ferrite\/\",\"url\":\"https:\/\/puppyboom.com.br\/loja\/imas-de-ferrite\/\",\"name\":\"Im\u00e3s de Ferrite - Puppy Boom\",\"isPartOf\":{\"@id\":\"https:\/\/puppyboom.com.br\/loja\/#website\"},\"datePublished\":\"2018-12-22T17:01:58+00:00\",\"dateModified\":\"2018-12-22T17:17:53+00:00\",\"breadcrumb\":{\"@id\":\"https:\/\/puppyboom.com.br\/loja\/imas-de-ferrite\/#breadcrumb\"},\"inLanguage\":\"pt-BR\",\"potentialAction\":[{\"@type\":\"ReadAction\",\"target\":[\"https:\/\/puppyboom.com.br\/loja\/imas-de-ferrite\/\"]}]},{\"@type\":\"BreadcrumbList\",\"@id\":\"https:\/\/puppyboom.com.br\/loja\/imas-de-ferrite\/#breadcrumb\",\"itemListElement\":[{\"@type\":\"ListItem\",\"position\":1,\"name\":\"In\u00edcio\",\"item\":\"https:\/\/puppyboom.com.br\/loja\/\"},{\"@type\":\"ListItem\",\"position\":2,\"name\":\"Im\u00e3s de Ferrite\"}]},{\"@type\":\"WebSite\",\"@id\":\"https:\/\/puppyboom.com.br\/loja\/#website\",\"url\":\"https:\/\/puppyboom.com.br\/loja\/\",\"name\":\"Puppy Boom\",\"description\":\"Caminhas, Colchonetes e Futons para PET e Voc\u00ea (Terap\u00eauticos e Ortop\u00e9dicos)\",\"publisher\":{\"@id\":\"https:\/\/puppyboom.com.br\/loja\/#organization\"},\"potentialAction\":[{\"@type\":\"SearchAction\",\"target\":{\"@type\":\"EntryPoint\",\"urlTemplate\":\"https:\/\/puppyboom.com.br\/loja\/?s={search_term_string}\"},\"query-input\":\"required name=search_term_string\"}],\"inLanguage\":\"pt-BR\"},{\"@type\":\"Organization\",\"@id\":\"https:\/\/puppyboom.com.br\/loja\/#organization\",\"name\":\"Puppy Boom\",\"url\":\"https:\/\/puppyboom.com.br\/loja\/\",\"logo\":{\"@type\":\"ImageObject\",\"inLanguage\":\"pt-BR\",\"@id\":\"https:\/\/puppyboom.com.br\/loja\/#\/schema\/logo\/image\/\",\"url\":\"https:\/\/puppyboom.com.br\/loja\/wp-content\/uploads\/2019\/01\/logo-boleto.png\",\"contentUrl\":\"https:\/\/puppyboom.com.br\/loja\/wp-content\/uploads\/2019\/01\/logo-boleto.png\",\"width\":145,\"height\":44,\"caption\":\"Puppy Boom\"},\"image\":{\"@id\":\"https:\/\/puppyboom.com.br\/loja\/#\/schema\/logo\/image\/\"},\"sameAs\":[\"https:\/\/www.facebook.com\/puppyboomoficial\/\",\"https:\/\/www.instagram.com\/puppyboomoficial\/\"]}]}<\/script>\n<!-- \/ Yoast SEO plugin. -->","yoast_head_json":{"title":"Im\u00e3s de Ferrite - Puppy Boom","robots":{"index":"index","follow":"follow","max-snippet":"max-snippet:-1","max-image-preview":"max-image-preview:large","max-video-preview":"max-video-preview:-1"},"canonical":"https:\/\/puppyboom.com.br\/loja\/imas-de-ferrite\/","og_locale":"pt_BR","og_type":"article","og_title":"Im\u00e3s de Ferrite - Puppy Boom","og_url":"https:\/\/puppyboom.com.br\/loja\/imas-de-ferrite\/","og_site_name":"Puppy Boom","article_publisher":"https:\/\/www.facebook.com\/puppyboomoficial\/","article_modified_time":"2018-12-22T17:17:53+00:00","twitter_card":"summary_large_image","twitter_misc":{"Est. tempo de leitura":"1 minuto"},"schema":{"@context":"https:\/\/schema.org","@graph":[{"@type":"WebPage","@id":"https:\/\/puppyboom.com.br\/loja\/imas-de-ferrite\/","url":"https:\/\/puppyboom.com.br\/loja\/imas-de-ferrite\/","name":"Im\u00e3s de Ferrite - Puppy Boom","isPartOf":{"@id":"https:\/\/puppyboom.com.br\/loja\/#website"},"datePublished":"2018-12-22T17:01:58+00:00","dateModified":"2018-12-22T17:17:53+00:00","breadcrumb":{"@id":"https:\/\/puppyboom.com.br\/loja\/imas-de-ferrite\/#breadcrumb"},"inLanguage":"pt-BR","potentialAction":[{"@type":"ReadAction","target":["https:\/\/puppyboom.com.br\/loja\/imas-de-ferrite\/"]}]},{"@type":"BreadcrumbList","@id":"https:\/\/puppyboom.com.br\/loja\/imas-de-ferrite\/#breadcrumb","itemListElement":[{"@type":"ListItem","position":1,"name":"In\u00edcio","item":"https:\/\/puppyboom.com.br\/loja\/"},{"@type":"ListItem","position":2,"name":"Im\u00e3s de Ferrite"}]},{"@type":"WebSite","@id":"https:\/\/puppyboom.com.br\/loja\/#website","url":"https:\/\/puppyboom.com.br\/loja\/","name":"Puppy Boom","description":"Caminhas, Colchonetes e Futons para PET e Voc\u00ea (Terap\u00eauticos e Ortop\u00e9dicos)","publisher":{"@id":"https:\/\/puppyboom.com.br\/loja\/#organization"},"potentialAction":[{"@type":"SearchAction","target":{"@type":"EntryPoint","urlTemplate":"https:\/\/puppyboom.com.br\/loja\/?s={search_term_string}"},"query-input":"required name=search_term_string"}],"inLanguage":"pt-BR"},{"@type":"Organization","@id":"https:\/\/puppyboom.com.br\/loja\/#organization","name":"Puppy Boom","url":"https:\/\/puppyboom.com.br\/loja\/","logo":{"@type":"ImageObject","inLanguage":"pt-BR","@id":"https:\/\/puppyboom.com.br\/loja\/#\/schema\/logo\/image\/","url":"https:\/\/puppyboom.com.br\/loja\/wp-content\/uploads\/2019\/01\/logo-boleto.png","contentUrl":"https:\/\/puppyboom.com.br\/loja\/wp-content\/uploads\/2019\/01\/logo-boleto.png","width":145,"height":44,"caption":"Puppy Boom"},"image":{"@id":"https:\/\/puppyboom.com.br\/loja\/#\/schema\/logo\/image\/"},"sameAs":["https:\/\/www.facebook.com\/puppyboomoficial\/","https:\/\/www.instagram.com\/puppyboomoficial\/"]}]}},"_links":{"self":[{"href":"https:\/\/puppyboom.com.br\/loja\/wp-json\/wp\/v2\/pages\/18006"}],"collection":[{"href":"https:\/\/puppyboom.com.br\/loja\/wp-json\/wp\/v2\/pages"}],"about":[{"href":"https:\/\/puppyboom.com.br\/loja\/wp-json\/wp\/v2\/types\/page"}],"author":[{"embeddable":true,"href":"https:\/\/puppyboom.com.br\/loja\/wp-json\/wp\/v2\/users\/5"}],"replies":[{"embeddable":true,"href":"https:\/\/puppyboom.com.br\/loja\/wp-json\/wp\/v2\/comments?post=18006"}],"version-history":[{"count":2,"href":"https:\/\/puppyboom.com.br\/loja\/wp-json\/wp\/v2\/pages\/18006\/revisions"}],"predecessor-version":[{"id":18010,"href":"https:\/\/puppyboom.com.br\/loja\/wp-json\/wp\/v2\/pages\/18006\/revisions\/18010"}],"wp:attachment":[{"href":"https:\/\/puppyboom.com.br\/loja\/wp-json\/wp\/v2\/media?parent=18006"}],"curies":[{"name":"wp","href":"https:\/\/api.w.org\/{rel}","templated":true}]}}