{"id":18951,"date":"2023-07-05T15:58:38","date_gmt":"2023-07-05T18:58:38","guid":{"rendered":"https:\/\/puppyboom.com.br\/loja\/?post_type=product&#038;p=18951"},"modified":"2024-09-18T10:21:51","modified_gmt":"2024-09-18T13:21:51","slug":"cama-terapeutica-acquablock-lisato-marinho-rosa-impermeavel-dupla-face","status":"publish","type":"product","link":"https:\/\/puppyboom.com.br\/loja\/produto\/cama-terapeutica-acquablock-lisato-marinho-rosa-impermeavel-dupla-face\/","title":{"rendered":"Cama Terap\u00eautica Acquablock Lisato Marinho Rosa Imperme\u00e1vel &#8211; Dupla face!"},"content":{"rendered":"<ul>\n<li><strong>Dupla face (duas estampas).<\/strong><\/li>\n<li><strong>Z\u00edper: enchimentos remov\u00edveis<\/strong>.<\/li>\n<li><strong>Terap\u00eauticos (Infravermelho Longo com a\u00e7\u00e3o Anti-Germs<\/strong><strong>); que<\/strong><strong>\u00a0auxilia no al\u00edvio do estresse, tens\u00e3o, cansa\u00e7o f\u00edsico, ins\u00f4nia, fadiga, dores e m\u00e1 circula\u00e7\u00e3o<\/strong><strong>;<\/strong><\/li>\n<li><strong>A\u00e7\u00e3o anti-microbiana APROVADA contra \u00e1caros, fungos e bact\u00e9rias ( Infravermelho Longo com a\u00e7\u00e3o Anti-Germs<\/strong><strong>).\u00a0<\/strong><strong>\u00a0At\u00e9 99,48% de resultados ao aniquilar mais de 650 Organismos Patog\u00eanicos.<\/strong><\/li>\n<li>Auxilia no\u00a0<strong>aumento da imunidade do organismo<\/strong>\u00a0e da\u00a0<strong>qualidade de vida; (Infravermelho Longo)<\/strong><\/li>\n<li>Auxilia tamb\u00e9m na\u00a0<strong>ativa\u00e7\u00e3o da circula\u00e7\u00e3o sangu\u00ednea e na renova\u00e7\u00e3o celular<\/strong>; pois tem efeito redutor de peroxida\u00e7\u00e3o de \u00e1cido graxo; <strong>(Infravermelho Longo)<\/strong><\/li>\n<li><strong>Termo sens\u00edvel (Cer\u00e2mica para Travesseiros<\/strong><strong>): ajuda a manter o equil\u00edbrio t\u00e9rmico ideal para o corpo, proporcionando um sono tranquilo e reparador em dias frios e quentes!<\/strong><\/li>\n<li><strong style=\"font-size: 12pt; line-height: 1.5;\">Imperme\u00e1vel\/Antimancha: tecido Acquablock<\/strong><span style=\"font-size: 12pt; line-height: 1.5;\">;\u00a0<\/span><span style=\"font-size: 12pt; line-height: 1.5;\"><b>facilidade na\u00a0limpeza da pe\u00e7a\u00a0<strong style=\"font-size: 12pt; line-height: 1.5;\">(Chega de xixi e baba!)!<\/strong><\/b><\/span><\/li>\n<li><span style=\"font-size: 12pt;\"><strong>Antimofo<\/strong><strong>\u00a0(Chega de fungos, mofos e bolores!):<\/strong>\u00a0tecido com <strong>prote\u00e7\u00e3o<\/strong>;<\/span><\/li>\n<li><strong>Tecidos resistentes<\/strong><strong>:<\/strong> <strong>n\u00e3o rasgam facilmente,<\/strong> toque <strong>macio<\/strong> e <strong>agrad\u00e1vel.<\/strong><\/li>\n<li><strong>N\u00e3o deforma:<\/strong> <strong>fibra importada<\/strong> de poli\u00e9ster<strong> cem por cento (100%) siliconada.<\/strong><\/li>\n<li><strong>Pode ser lavado em m\u00e1quina no modo delicado (remover os enchimentos), recomenda-se lavar a &#8220;capa&#8221; com os z\u00edperes fechados para maior durabilidade do produto. \u00a0<\/strong><\/li>\n<\/ul>\n<p><span style=\"color: #4868b1;\"><strong>Acompanha Mimo Dado P para a Cama tamanho P e Mimo Dado M para as Camas de tamanhos M e G!<\/strong><\/span><\/p>\n<p><span style=\"color: #4868b1;\"><strong>As tecnologias presentes nas Camas Terap\u00eauticas s\u00e3o:\u00a0\u00a0<\/strong><\/span><span style=\"color: #4868b1;\"><strong>Infravermelho Longo com a\u00e7\u00e3o Anti-Germs\/ Cer\u00e2mica para Travesseiros e Tecidos Acquablock. Saiba mais sobre cada uma delas no link &#8220;Benef\u00edcios&#8221; <\/strong><\/span><\/p>\n<p><span style=\"color: #4868b1;\"><strong>As Camas Terap\u00eauticas n\u00e3o s\u00e3o indicadas para animais que est\u00e3o passando por hemodi\u00e1lise devido \u00e0 tecnologia Infravermelho Longo.<\/strong><\/span><\/p>\n","protected":false},"excerpt":{"rendered":"<p><span style=\"color: #4868b1;\"><strong>* Tamanho P indicado para Pets at\u00e9 4 Kg<\/strong><\/span><\/p>\n<p><span style=\"color: #4868b1;\"><strong>* Tamanho M indicado para Pets\u00a0 de 5 \u00e0 13 KG <\/strong><\/span><\/p>\n<p><span style=\"color: #4868b1;\"><strong>* Tamanho G <\/strong><\/span><span style=\"color: #4868b1;\"><strong>indicado para Pets de 14 \u00e0 40 Kg<\/strong><\/span><\/p>\n<p><span style=\"color: #4868b1;\"><strong>Acompanha Mimo Dado P para a Cama tamanho P e Mimo Dado M para as Camas de tamanhos M e G!<\/strong><\/span><\/p>\n<p><img loading=\"lazy\" decoding=\"async\" class=\"alignnone size-full wp-image-18672\" src=\"https:\/\/puppyboom.com.br\/loja\/wp-content\/uploads\/2019\/08\/Camas.png\" alt=\"\" width=\"319\" height=\"163\" \/><\/p>\n<p><strong style=\"font-size: 14.4px;\">\u00a0 <img loading=\"lazy\" decoding=\"async\" class=\"alignnone wp-image-17862\" src=\"http:\/\/puppyboom.com.br\/loja\/wp-content\/uploads\/2018\/05\/logo1.png\" alt=\"\" width=\"150\" height=\"45\" srcset=\"https:\/\/puppyboom.com.br\/loja\/wp-content\/uploads\/2018\/05\/logo1.png 645w, https:\/\/puppyboom.com.br\/loja\/wp-content\/uploads\/2018\/05\/logo1-510x153.png 510w\" sizes=\"(max-width: 150px) 100vw, 150px\" \/><\/strong><strong style=\"font-size: 14.4px;\">Puppy Boom &#8211; Produtos altamente tecnol\u00f3gicos e diferenciados para os Pets dos donos mais exigentes!<\/strong><\/p>\n<p><strong>&#8211; Terap\u00eauticos e Imperme\u00e1veis <\/strong><strong style=\"color: #555555; font-size: 14.4px;\">\u00a0 \u00a0 \u00a0 \u00a0 \u00a0 \u00a0 \u00a0 \u00a0 \u00a0 \u00a0 \u00a0 \u00a0 \u00a0 \u00a0 \u00a0 \u00a0 \u00a0\u00a0<\/strong><\/p>\n<p><strong>Terap\u00eauticos (Infravermelho Longo tamb\u00e9m com a\u00e7\u00e3o Anti- Germs). <\/strong><\/p>\n<p><strong>Que auxilia:<\/strong><\/p>\n<ul>\n<li><strong>No al\u00edvio do stress, tens\u00e3o, cansa\u00e7o f\u00edsico, ins\u00f4nia, fadiga, dores e m\u00e1 circula\u00e7\u00e3o;<\/strong><\/li>\n<li>Auxilia no\u00a0<strong>aumento da imunidade do organismo<\/strong>\u00a0e da\u00a0<strong>qualidade de vida;<\/strong><\/li>\n<li>Auxilia tamb\u00e9m na\u00a0<strong>ativa\u00e7\u00e3o da circula\u00e7\u00e3o sangu\u00ednea e na renova\u00e7\u00e3o celular<\/strong>; pois tem efeito redutor de peroxida\u00e7\u00e3o de \u00e1cido graxo.<\/li>\n<li><strong>Infravermelho Longo com a\u00e7\u00e3o Anti-Germs<\/strong><strong>: at\u00e9 99,48% de resultados ao aniquilar mais de 650 Organismos Patog\u00eanicos.<\/strong><\/li>\n<li><strong>Termo sens\u00edvel: ideal tamb\u00e9m para ra\u00e7as de animais \u201cBraquicef\u00e1licos&#8221; como\u00a0 Buldogue Franc\u00eas, Pug, Boston Terrier, Pequin\u00eas, Boxer, Buldogue Ingl\u00eas, Shih Tzu, Dogue de Bordeaux&#8230;<br \/>\n<\/strong>Pois ajuda a manter o\u00a0<strong>equil\u00edbrio t\u00e9rmico ideal para o corpo<\/strong>, proporcionando um\u00a0<strong>sono tranquilo e reparador<\/strong>\u00a0em dias quentes e tamb\u00e9m em dias frios! (Cer\u00e2mica para Travesseiros com Infravermelho Longo em sua composi\u00e7\u00e3o).<\/li>\n<\/ul>\n<p><strong>Tecidos Acquablock (Karsten):<\/strong><\/p>\n<ul>\n<li><strong>Imperme\u00e1vel e Antimancha<\/strong>: <span style=\"font-size: 12pt; line-height: 1.5;\">facilidade na\u00a0limpeza da pe\u00e7a;<a href=\"https:\/\/puppyboom.com.br\/loja\/beneficios-terapeuticos\/\">https:\/\/puppyboom.com.br\/loja\/beneficios-terapeuticos\/<\/a><\/span><\/li>\n<li><span style=\"font-size: 12pt;\"><strong>Antimofo<\/strong><strong>\u00a0(Chega de fungos, mofos e bolores!):<\/strong>\u00a0tecido com <strong>prote\u00e7\u00e3o<\/strong>;<\/span><\/li>\n<li><strong>Tecidos resistentes<\/strong><strong>:<\/strong> <strong>n\u00e3o rasgam facilmente <\/strong>sem perder o toque <strong>macio<\/strong> e <strong>agrad\u00e1vel.<\/strong><\/li>\n<\/ul>\n<p style=\"font-size: 14.4px;\"><strong>Veja e saiba muito mais nos Links abaixo:\u00a0<\/strong><\/p>\n<p style=\"font-size: 14.4px;\"><strong><a tabindex=\"-1\" href=\"https:\/\/puppyboom.com.br\/loja\/beneficios-terapeuticos\/\" target=\"_blank\" rel=\"noopener noreferrer\">puppyboom.com.br\/\u2026\/beneficios-terapeuticos<\/a><\/strong><\/p>\n<p><a href=\"https:\/\/puppyboom.com.br\/loja\/beneficios-tecnologias\/\">https:\/\/puppyboom.com.br\/loja\/beneficios-tecnologias\/<\/a><\/p>\n<p><img loading=\"lazy\" decoding=\"async\" class=\"alignnone size-full wp-image-18167\" src=\"https:\/\/puppyboom.com.br\/loja\/wp-content\/uploads\/2019\/01\/Camas-Terap\u00eauticas-Acquablock.png\" alt=\"\" width=\"320\" height=\"161\" \/><\/p>\n<p><img loading=\"lazy\" decoding=\"async\" class=\"alignnone size-medium wp-image-5061\" src=\"https:\/\/puppyboom.com.br\/loja\/wp-content\/uploads\/2018\/06\/003-whatsapp.svg\" alt=\"\" width=\"1\" height=\"1\" \/>\u00a0<img loading=\"lazy\" decoding=\"async\" class=\"alignnone wp-image-14968\" src=\"https:\/\/puppyboom.com.br\/loja\/wp-content\/uploads\/2018\/09\/A\u00e7\u00e3o-Anti-Microbiana_Azul-547x400.png\" alt=\"\" width=\"401\" height=\"293\" srcset=\"https:\/\/puppyboom.com.br\/loja\/wp-content\/uploads\/2018\/09\/A\u00e7\u00e3o-Anti-Microbiana_Azul-547x400.png 547w, https:\/\/puppyboom.com.br\/loja\/wp-content\/uploads\/2018\/09\/A\u00e7\u00e3o-Anti-Microbiana_Azul-768x562.png 768w, https:\/\/puppyboom.com.br\/loja\/wp-content\/uploads\/2018\/09\/A\u00e7\u00e3o-Anti-Microbiana_Azul-1094x800.png 1094w, https:\/\/puppyboom.com.br\/loja\/wp-content\/uploads\/2018\/09\/A\u00e7\u00e3o-Anti-Microbiana_Azul-510x373.png 510w\" sizes=\"(max-width: 401px) 100vw, 401px\" \/><\/p>\n<p>&nbsp;<\/p>\n<p>&nbsp;<\/p>\n","protected":false},"featured_media":18937,"comment_status":"open","ping_status":"closed","template":"","meta":[],"product_cat":[142,150,125],"product_tag":[],"yoast_head":"<!-- This site is optimized with the Yoast SEO plugin v21.5 - https:\/\/yoast.com\/wordpress\/plugins\/seo\/ -->\n<title>Cama Terap\u00eautica Acquablock Lisato Marinho Rosa Imperme\u00e1vel - Dupla face! - Puppy Boom<\/title>\n<meta name=\"robots\" content=\"index, follow, max-snippet:-1, max-image-preview:large, max-video-preview:-1\" \/>\n<link rel=\"canonical\" href=\"https:\/\/puppyboom.com.br\/loja\/produto\/cama-terapeutica-acquablock-lisato-marinho-rosa-impermeavel-dupla-face\/\" \/>\n<meta property=\"og:locale\" content=\"pt_BR\" \/>\n<meta property=\"og:type\" content=\"article\" \/>\n<meta property=\"og:title\" content=\"Cama Terap\u00eautica Acquablock Lisato Marinho Rosa Imperme\u00e1vel - Dupla face! - Puppy Boom\" \/>\n<meta property=\"og:description\" content=\"* Tamanho P indicado para Pets at\u00e9 4 Kg  * Tamanho M indicado para Pets\u00a0 de 5 \u00e0 13 KG   * Tamanho G indicado para Pets de 14 \u00e0 40 Kg  Acompanha Mimo Dado P para a Cama tamanho P e Mimo Dado M para as Camas de tamanhos M e G!    \u00a0 Puppy Boom - Produtos altamente tecnol\u00f3gicos e diferenciados para os Pets dos donos mais exigentes!  - Terap\u00eauticos e Imperme\u00e1veis \u00a0 \u00a0 \u00a0 \u00a0 \u00a0 \u00a0 \u00a0 \u00a0 \u00a0 \u00a0 \u00a0 \u00a0 \u00a0 \u00a0 \u00a0 \u00a0 \u00a0\u00a0  Terap\u00eauticos (Infravermelho Longo tamb\u00e9m com a\u00e7\u00e3o Anti- Germs).   Que auxilia:   No al\u00edvio do stress, tens\u00e3o, cansa\u00e7o f\u00edsico, ins\u00f4nia, fadiga, dores e m\u00e1 circula\u00e7\u00e3o;  Auxilia no\u00a0aumento da imunidade do organismo\u00a0e da\u00a0qualidade de vida;  Auxilia tamb\u00e9m na\u00a0ativa\u00e7\u00e3o da circula\u00e7\u00e3o sangu\u00ednea e na renova\u00e7\u00e3o celular; pois tem efeito redutor de peroxida\u00e7\u00e3o de \u00e1cido graxo.  Infravermelho Longo com a\u00e7\u00e3o Anti-Germs: at\u00e9 99,48% de resultados ao aniquilar mais de 650 Organismos Patog\u00eanicos.  Termo sens\u00edvel: ideal tamb\u00e9m para ra\u00e7as de animais \u201cBraquicef\u00e1licos&quot; como\u00a0 Buldogue Franc\u00eas, Pug, Boston Terrier, Pequin\u00eas, Boxer, Buldogue Ingl\u00eas, Shih Tzu, Dogue de Bordeaux... Pois ajuda a manter o\u00a0equil\u00edbrio t\u00e9rmico ideal para o corpo, proporcionando um\u00a0sono tranquilo e reparador\u00a0em dias quentes e tamb\u00e9m em dias frios! (Cer\u00e2mica para Travesseiros com Infravermelho Longo em sua composi\u00e7\u00e3o).  Tecidos Acquablock (Karsten):   Imperme\u00e1vel e Antimancha: facilidade na\u00a0limpeza da pe\u00e7a;https:\/\/puppyboom.com.br\/loja\/beneficios-terapeuticos\/  Antimofo\u00a0(Chega de fungos, mofos e bolores!):\u00a0tecido com prote\u00e7\u00e3o;  Tecidos resistentes: n\u00e3o rasgam facilmente sem perder o toque macio e agrad\u00e1vel.  Veja e saiba muito mais nos Links abaixo:\u00a0 puppyboom.com.br\/\u2026\/beneficios-terapeuticos https:\/\/puppyboom.com.br\/loja\/beneficios-tecnologias\/    \u00a0  &nbsp;  &nbsp;\" \/>\n<meta property=\"og:url\" content=\"https:\/\/puppyboom.com.br\/loja\/produto\/cama-terapeutica-acquablock-lisato-marinho-rosa-impermeavel-dupla-face\/\" \/>\n<meta property=\"og:site_name\" content=\"Puppy Boom\" \/>\n<meta property=\"article:publisher\" content=\"https:\/\/www.facebook.com\/puppyboomoficial\/\" \/>\n<meta property=\"article:modified_time\" content=\"2024-09-18T13:21:51+00:00\" \/>\n<meta property=\"og:image\" content=\"https:\/\/puppyboom.com.br\/loja\/wp-content\/uploads\/2023\/07\/IMG_3284-Puppy-Boom-800x800.jpg\" \/>\n\t<meta property=\"og:image:width\" content=\"800\" \/>\n\t<meta property=\"og:image:height\" content=\"800\" \/>\n\t<meta property=\"og:image:type\" content=\"image\/jpeg\" \/>\n<meta name=\"twitter:card\" content=\"summary_large_image\" \/>\n<meta name=\"twitter:label1\" content=\"Est. tempo de leitura\" \/>\n\t<meta name=\"twitter:data1\" content=\"2 minutos\" \/>\n<script type=\"application\/ld+json\" class=\"yoast-schema-graph\">{\"@context\":\"https:\/\/schema.org\",\"@graph\":[{\"@type\":\"WebPage\",\"@id\":\"https:\/\/puppyboom.com.br\/loja\/produto\/cama-terapeutica-acquablock-lisato-marinho-rosa-impermeavel-dupla-face\/\",\"url\":\"https:\/\/puppyboom.com.br\/loja\/produto\/cama-terapeutica-acquablock-lisato-marinho-rosa-impermeavel-dupla-face\/\",\"name\":\"Cama Terap\u00eautica Acquablock Lisato Marinho Rosa Imperme\u00e1vel - Dupla face! - Puppy Boom\",\"isPartOf\":{\"@id\":\"https:\/\/puppyboom.com.br\/loja\/#website\"},\"datePublished\":\"2023-07-05T18:58:38+00:00\",\"dateModified\":\"2024-09-18T13:21:51+00:00\",\"breadcrumb\":{\"@id\":\"https:\/\/puppyboom.com.br\/loja\/produto\/cama-terapeutica-acquablock-lisato-marinho-rosa-impermeavel-dupla-face\/#breadcrumb\"},\"inLanguage\":\"pt-BR\",\"potentialAction\":[{\"@type\":\"ReadAction\",\"target\":[\"https:\/\/puppyboom.com.br\/loja\/produto\/cama-terapeutica-acquablock-lisato-marinho-rosa-impermeavel-dupla-face\/\"]}]},{\"@type\":\"BreadcrumbList\",\"@id\":\"https:\/\/puppyboom.com.br\/loja\/produto\/cama-terapeutica-acquablock-lisato-marinho-rosa-impermeavel-dupla-face\/#breadcrumb\",\"itemListElement\":[{\"@type\":\"ListItem\",\"position\":1,\"name\":\"In\u00edcio\",\"item\":\"https:\/\/puppyboom.com.br\/loja\/\"},{\"@type\":\"ListItem\",\"position\":2,\"name\":\"Shop\",\"item\":\"https:\/\/puppyboom.com.br\/loja\/shop\/\"},{\"@type\":\"ListItem\",\"position\":3,\"name\":\"Cama Terap\u00eautica Acquablock Lisato Marinho Rosa Imperme\u00e1vel &#8211; Dupla face!\"}]},{\"@type\":\"WebSite\",\"@id\":\"https:\/\/puppyboom.com.br\/loja\/#website\",\"url\":\"https:\/\/puppyboom.com.br\/loja\/\",\"name\":\"Puppy Boom\",\"description\":\"Caminhas, Colchonetes e Futons para PET e Voc\u00ea (Terap\u00eauticos e Ortop\u00e9dicos)\",\"publisher\":{\"@id\":\"https:\/\/puppyboom.com.br\/loja\/#organization\"},\"potentialAction\":[{\"@type\":\"SearchAction\",\"target\":{\"@type\":\"EntryPoint\",\"urlTemplate\":\"https:\/\/puppyboom.com.br\/loja\/?s={search_term_string}\"},\"query-input\":\"required name=search_term_string\"}],\"inLanguage\":\"pt-BR\"},{\"@type\":\"Organization\",\"@id\":\"https:\/\/puppyboom.com.br\/loja\/#organization\",\"name\":\"Puppy Boom\",\"url\":\"https:\/\/puppyboom.com.br\/loja\/\",\"logo\":{\"@type\":\"ImageObject\",\"inLanguage\":\"pt-BR\",\"@id\":\"https:\/\/puppyboom.com.br\/loja\/#\/schema\/logo\/image\/\",\"url\":\"https:\/\/puppyboom.com.br\/loja\/wp-content\/uploads\/2019\/01\/logo-boleto.png\",\"contentUrl\":\"https:\/\/puppyboom.com.br\/loja\/wp-content\/uploads\/2019\/01\/logo-boleto.png\",\"width\":145,\"height\":44,\"caption\":\"Puppy Boom\"},\"image\":{\"@id\":\"https:\/\/puppyboom.com.br\/loja\/#\/schema\/logo\/image\/\"},\"sameAs\":[\"https:\/\/www.facebook.com\/puppyboomoficial\/\",\"https:\/\/www.instagram.com\/puppyboomoficial\/\"]}]}<\/script>\n<!-- \/ Yoast SEO plugin. -->","yoast_head_json":{"title":"Cama Terap\u00eautica Acquablock Lisato Marinho Rosa Imperme\u00e1vel - Dupla face! - Puppy Boom","robots":{"index":"index","follow":"follow","max-snippet":"max-snippet:-1","max-image-preview":"max-image-preview:large","max-video-preview":"max-video-preview:-1"},"canonical":"https:\/\/puppyboom.com.br\/loja\/produto\/cama-terapeutica-acquablock-lisato-marinho-rosa-impermeavel-dupla-face\/","og_locale":"pt_BR","og_type":"article","og_title":"Cama Terap\u00eautica Acquablock Lisato Marinho Rosa Imperme\u00e1vel - Dupla face! - Puppy Boom","og_description":"* Tamanho P indicado para Pets at\u00e9 4 Kg  * Tamanho M indicado para Pets\u00a0 de 5 \u00e0 13 KG   * Tamanho G indicado para Pets de 14 \u00e0 40 Kg  Acompanha Mimo Dado P para a Cama tamanho P e Mimo Dado M para as Camas de tamanhos M e G!    \u00a0 Puppy Boom - Produtos altamente tecnol\u00f3gicos e diferenciados para os Pets dos donos mais exigentes!  - Terap\u00eauticos e Imperme\u00e1veis \u00a0 \u00a0 \u00a0 \u00a0 \u00a0 \u00a0 \u00a0 \u00a0 \u00a0 \u00a0 \u00a0 \u00a0 \u00a0 \u00a0 \u00a0 \u00a0 \u00a0\u00a0  Terap\u00eauticos (Infravermelho Longo tamb\u00e9m com a\u00e7\u00e3o Anti- Germs).   Que auxilia:   No al\u00edvio do stress, tens\u00e3o, cansa\u00e7o f\u00edsico, ins\u00f4nia, fadiga, dores e m\u00e1 circula\u00e7\u00e3o;  Auxilia no\u00a0aumento da imunidade do organismo\u00a0e da\u00a0qualidade de vida;  Auxilia tamb\u00e9m na\u00a0ativa\u00e7\u00e3o da circula\u00e7\u00e3o sangu\u00ednea e na renova\u00e7\u00e3o celular; pois tem efeito redutor de peroxida\u00e7\u00e3o de \u00e1cido graxo.  Infravermelho Longo com a\u00e7\u00e3o Anti-Germs: at\u00e9 99,48% de resultados ao aniquilar mais de 650 Organismos Patog\u00eanicos.  Termo sens\u00edvel: ideal tamb\u00e9m para ra\u00e7as de animais \u201cBraquicef\u00e1licos\" como\u00a0 Buldogue Franc\u00eas, Pug, Boston Terrier, Pequin\u00eas, Boxer, Buldogue Ingl\u00eas, Shih Tzu, Dogue de Bordeaux... Pois ajuda a manter o\u00a0equil\u00edbrio t\u00e9rmico ideal para o corpo, proporcionando um\u00a0sono tranquilo e reparador\u00a0em dias quentes e tamb\u00e9m em dias frios! (Cer\u00e2mica para Travesseiros com Infravermelho Longo em sua composi\u00e7\u00e3o).  Tecidos Acquablock (Karsten):   Imperme\u00e1vel e Antimancha: facilidade na\u00a0limpeza da pe\u00e7a;https:\/\/puppyboom.com.br\/loja\/beneficios-terapeuticos\/  Antimofo\u00a0(Chega de fungos, mofos e bolores!):\u00a0tecido com prote\u00e7\u00e3o;  Tecidos resistentes: n\u00e3o rasgam facilmente sem perder o toque macio e agrad\u00e1vel.  Veja e saiba muito mais nos Links abaixo:\u00a0 puppyboom.com.br\/\u2026\/beneficios-terapeuticos https:\/\/puppyboom.com.br\/loja\/beneficios-tecnologias\/    \u00a0  &nbsp;  &nbsp;","og_url":"https:\/\/puppyboom.com.br\/loja\/produto\/cama-terapeutica-acquablock-lisato-marinho-rosa-impermeavel-dupla-face\/","og_site_name":"Puppy Boom","article_publisher":"https:\/\/www.facebook.com\/puppyboomoficial\/","article_modified_time":"2024-09-18T13:21:51+00:00","og_image":[{"width":800,"height":800,"url":"https:\/\/puppyboom.com.br\/loja\/wp-content\/uploads\/2023\/07\/IMG_3284-Puppy-Boom-800x800.jpg","type":"image\/jpeg"}],"twitter_card":"summary_large_image","twitter_misc":{"Est. tempo de leitura":"2 minutos"},"schema":{"@context":"https:\/\/schema.org","@graph":[{"@type":"WebPage","@id":"https:\/\/puppyboom.com.br\/loja\/produto\/cama-terapeutica-acquablock-lisato-marinho-rosa-impermeavel-dupla-face\/","url":"https:\/\/puppyboom.com.br\/loja\/produto\/cama-terapeutica-acquablock-lisato-marinho-rosa-impermeavel-dupla-face\/","name":"Cama Terap\u00eautica Acquablock Lisato Marinho Rosa Imperme\u00e1vel - Dupla face! - Puppy Boom","isPartOf":{"@id":"https:\/\/puppyboom.com.br\/loja\/#website"},"datePublished":"2023-07-05T18:58:38+00:00","dateModified":"2024-09-18T13:21:51+00:00","breadcrumb":{"@id":"https:\/\/puppyboom.com.br\/loja\/produto\/cama-terapeutica-acquablock-lisato-marinho-rosa-impermeavel-dupla-face\/#breadcrumb"},"inLanguage":"pt-BR","potentialAction":[{"@type":"ReadAction","target":["https:\/\/puppyboom.com.br\/loja\/produto\/cama-terapeutica-acquablock-lisato-marinho-rosa-impermeavel-dupla-face\/"]}]},{"@type":"BreadcrumbList","@id":"https:\/\/puppyboom.com.br\/loja\/produto\/cama-terapeutica-acquablock-lisato-marinho-rosa-impermeavel-dupla-face\/#breadcrumb","itemListElement":[{"@type":"ListItem","position":1,"name":"In\u00edcio","item":"https:\/\/puppyboom.com.br\/loja\/"},{"@type":"ListItem","position":2,"name":"Shop","item":"https:\/\/puppyboom.com.br\/loja\/shop\/"},{"@type":"ListItem","position":3,"name":"Cama Terap\u00eautica Acquablock Lisato Marinho Rosa Imperme\u00e1vel &#8211; Dupla face!"}]},{"@type":"WebSite","@id":"https:\/\/puppyboom.com.br\/loja\/#website","url":"https:\/\/puppyboom.com.br\/loja\/","name":"Puppy Boom","description":"Caminhas, Colchonetes e Futons para PET e Voc\u00ea (Terap\u00eauticos e Ortop\u00e9dicos)","publisher":{"@id":"https:\/\/puppyboom.com.br\/loja\/#organization"},"potentialAction":[{"@type":"SearchAction","target":{"@type":"EntryPoint","urlTemplate":"https:\/\/puppyboom.com.br\/loja\/?s={search_term_string}"},"query-input":"required name=search_term_string"}],"inLanguage":"pt-BR"},{"@type":"Organization","@id":"https:\/\/puppyboom.com.br\/loja\/#organization","name":"Puppy Boom","url":"https:\/\/puppyboom.com.br\/loja\/","logo":{"@type":"ImageObject","inLanguage":"pt-BR","@id":"https:\/\/puppyboom.com.br\/loja\/#\/schema\/logo\/image\/","url":"https:\/\/puppyboom.com.br\/loja\/wp-content\/uploads\/2019\/01\/logo-boleto.png","contentUrl":"https:\/\/puppyboom.com.br\/loja\/wp-content\/uploads\/2019\/01\/logo-boleto.png","width":145,"height":44,"caption":"Puppy Boom"},"image":{"@id":"https:\/\/puppyboom.com.br\/loja\/#\/schema\/logo\/image\/"},"sameAs":["https:\/\/www.facebook.com\/puppyboomoficial\/","https:\/\/www.instagram.com\/puppyboomoficial\/"]}]}},"_links":{"self":[{"href":"https:\/\/puppyboom.com.br\/loja\/wp-json\/wp\/v2\/product\/18951"}],"collection":[{"href":"https:\/\/puppyboom.com.br\/loja\/wp-json\/wp\/v2\/product"}],"about":[{"href":"https:\/\/puppyboom.com.br\/loja\/wp-json\/wp\/v2\/types\/product"}],"replies":[{"embeddable":true,"href":"https:\/\/puppyboom.com.br\/loja\/wp-json\/wp\/v2\/comments?post=18951"}],"wp:featuredmedia":[{"embeddable":true,"href":"https:\/\/puppyboom.com.br\/loja\/wp-json\/wp\/v2\/media\/18937"}],"wp:attachment":[{"href":"https:\/\/puppyboom.com.br\/loja\/wp-json\/wp\/v2\/media?parent=18951"}],"wp:term":[{"taxonomy":"product_cat","embeddable":true,"href":"https:\/\/puppyboom.com.br\/loja\/wp-json\/wp\/v2\/product_cat?post=18951"},{"taxonomy":"product_tag","embeddable":true,"href":"https:\/\/puppyboom.com.br\/loja\/wp-json\/wp\/v2\/product_tag?post=18951"}],"curies":[{"name":"wp","href":"https:\/\/api.w.org\/{rel}","templated":true}]}}