{"id":623,"date":"2018-05-18T11:26:51","date_gmt":"2018-05-18T14:26:51","guid":{"rendered":"http:\/\/puppyboom.com.br\/loja\/product\/import-placeholder-for-1117\/"},"modified":"2024-05-20T16:59:35","modified_gmt":"2024-05-20T19:59:35","slug":"mimo-ossinho-id-decor-azul","status":"publish","type":"product","link":"https:\/\/puppyboom.com.br\/loja\/produto\/mimo-ossinho-id-decor-azul\/","title":{"rendered":"Mimo Ossinho ID.Decor Azul"},"content":{"rendered":"<ul>\n<li><strong>Dupla Face.<\/strong><\/li>\n<li><span style=\"font-size: 12pt;\"><strong>Antimancha\u00a0(Chega de xixi e baba!): tecido bloqueador<\/strong> \u00e0 \u00e1gua, \u00f3leos e outros l\u00edquidos.<\/span><\/li>\n<li><span style=\"font-size: 12pt;\"><strong>Antimofo (Chega de fungos, mofos e bolores!):<\/strong>\u00a0tecido com prote\u00e7\u00e3o;<\/span><\/li>\n<li><span style=\"font-size: 12pt;\"><strong>Tecido Resistente:<\/strong> <strong>n\u00e3o rasga facilmente<\/strong>, toque <strong>macio e agrad\u00e1vel<\/strong>.<\/span><\/li>\n<li><span style=\"font-size: 12pt;\"><strong>N\u00e3o Deforma:<\/strong> <strong>fibra importada<\/strong> de poli\u00e9ster (100%) <strong>cem por cento siliconada.<\/strong><\/span><\/li>\n<li><strong><span style=\"font-size: 12pt;\">Pode ser lavado em ma\u0301quina (modo delicado).<\/span><\/strong><\/li>\n<\/ul>\n<p>&nbsp;<\/p>\n","protected":false},"excerpt":{"rendered":"<p><img loading=\"lazy\" decoding=\"async\" class=\"alignnone size-full wp-image-3471\" src=\"http:\/\/puppyboom.com.br\/loja\/wp-content\/uploads\/2015\/03\/Mimo-Ossinho-ID.-Decor.png\" alt=\"Mimo Ossinho ID. Decor\" width=\"320\" height=\"120\" \/><\/p>\n","protected":false},"featured_media":667,"comment_status":"closed","ping_status":"closed","template":"","meta":[],"product_cat":[122,125],"product_tag":[],"yoast_head":"<!-- This site is optimized with the Yoast SEO plugin v21.5 - https:\/\/yoast.com\/wordpress\/plugins\/seo\/ -->\n<title>Mimo Ossinho ID.Decor Azul - Puppy Boom<\/title>\n<meta name=\"robots\" content=\"index, follow, max-snippet:-1, max-image-preview:large, max-video-preview:-1\" \/>\n<link rel=\"canonical\" href=\"https:\/\/puppyboom.com.br\/loja\/produto\/mimo-ossinho-id-decor-azul\/\" \/>\n<meta property=\"og:locale\" content=\"pt_BR\" \/>\n<meta property=\"og:type\" content=\"article\" \/>\n<meta property=\"og:title\" content=\"Mimo Ossinho ID.Decor Azul - Puppy Boom\" \/>\n<meta property=\"og:url\" content=\"https:\/\/puppyboom.com.br\/loja\/produto\/mimo-ossinho-id-decor-azul\/\" \/>\n<meta property=\"og:site_name\" content=\"Puppy Boom\" \/>\n<meta property=\"article:publisher\" content=\"https:\/\/www.facebook.com\/puppyboomoficial\/\" \/>\n<meta property=\"article:modified_time\" content=\"2024-05-20T19:59:35+00:00\" \/>\n<meta property=\"og:image\" content=\"https:\/\/puppyboom.com.br\/loja\/wp-content\/uploads\/2018\/05\/DSC_1936-1208x800.jpg\" \/>\n\t<meta property=\"og:image:width\" content=\"1208\" \/>\n\t<meta property=\"og:image:height\" content=\"800\" \/>\n\t<meta property=\"og:image:type\" content=\"image\/jpeg\" \/>\n<meta name=\"twitter:card\" content=\"summary_large_image\" \/>\n<meta name=\"twitter:label1\" content=\"Est. tempo de leitura\" \/>\n\t<meta name=\"twitter:data1\" content=\"1 minuto\" \/>\n<script type=\"application\/ld+json\" class=\"yoast-schema-graph\">{\"@context\":\"https:\/\/schema.org\",\"@graph\":[{\"@type\":\"WebPage\",\"@id\":\"https:\/\/puppyboom.com.br\/loja\/produto\/mimo-ossinho-id-decor-azul\/\",\"url\":\"https:\/\/puppyboom.com.br\/loja\/produto\/mimo-ossinho-id-decor-azul\/\",\"name\":\"Mimo Ossinho ID.Decor Azul - Puppy Boom\",\"isPartOf\":{\"@id\":\"https:\/\/puppyboom.com.br\/loja\/#website\"},\"datePublished\":\"2018-05-18T14:26:51+00:00\",\"dateModified\":\"2024-05-20T19:59:35+00:00\",\"breadcrumb\":{\"@id\":\"https:\/\/puppyboom.com.br\/loja\/produto\/mimo-ossinho-id-decor-azul\/#breadcrumb\"},\"inLanguage\":\"pt-BR\",\"potentialAction\":[{\"@type\":\"ReadAction\",\"target\":[\"https:\/\/puppyboom.com.br\/loja\/produto\/mimo-ossinho-id-decor-azul\/\"]}]},{\"@type\":\"BreadcrumbList\",\"@id\":\"https:\/\/puppyboom.com.br\/loja\/produto\/mimo-ossinho-id-decor-azul\/#breadcrumb\",\"itemListElement\":[{\"@type\":\"ListItem\",\"position\":1,\"name\":\"In\u00edcio\",\"item\":\"https:\/\/puppyboom.com.br\/loja\/\"},{\"@type\":\"ListItem\",\"position\":2,\"name\":\"Shop\",\"item\":\"https:\/\/puppyboom.com.br\/loja\/shop\/\"},{\"@type\":\"ListItem\",\"position\":3,\"name\":\"Mimo Ossinho ID.Decor Azul\"}]},{\"@type\":\"WebSite\",\"@id\":\"https:\/\/puppyboom.com.br\/loja\/#website\",\"url\":\"https:\/\/puppyboom.com.br\/loja\/\",\"name\":\"Puppy Boom\",\"description\":\"Caminhas, Colchonetes e Futons para PET e Voc\u00ea (Terap\u00eauticos e Ortop\u00e9dicos)\",\"publisher\":{\"@id\":\"https:\/\/puppyboom.com.br\/loja\/#organization\"},\"potentialAction\":[{\"@type\":\"SearchAction\",\"target\":{\"@type\":\"EntryPoint\",\"urlTemplate\":\"https:\/\/puppyboom.com.br\/loja\/?s={search_term_string}\"},\"query-input\":\"required name=search_term_string\"}],\"inLanguage\":\"pt-BR\"},{\"@type\":\"Organization\",\"@id\":\"https:\/\/puppyboom.com.br\/loja\/#organization\",\"name\":\"Puppy Boom\",\"url\":\"https:\/\/puppyboom.com.br\/loja\/\",\"logo\":{\"@type\":\"ImageObject\",\"inLanguage\":\"pt-BR\",\"@id\":\"https:\/\/puppyboom.com.br\/loja\/#\/schema\/logo\/image\/\",\"url\":\"https:\/\/puppyboom.com.br\/loja\/wp-content\/uploads\/2019\/01\/logo-boleto.png\",\"contentUrl\":\"https:\/\/puppyboom.com.br\/loja\/wp-content\/uploads\/2019\/01\/logo-boleto.png\",\"width\":145,\"height\":44,\"caption\":\"Puppy Boom\"},\"image\":{\"@id\":\"https:\/\/puppyboom.com.br\/loja\/#\/schema\/logo\/image\/\"},\"sameAs\":[\"https:\/\/www.facebook.com\/puppyboomoficial\/\",\"https:\/\/www.instagram.com\/puppyboomoficial\/\"]}]}<\/script>\n<!-- \/ Yoast SEO plugin. -->","yoast_head_json":{"title":"Mimo Ossinho ID.Decor Azul - Puppy Boom","robots":{"index":"index","follow":"follow","max-snippet":"max-snippet:-1","max-image-preview":"max-image-preview:large","max-video-preview":"max-video-preview:-1"},"canonical":"https:\/\/puppyboom.com.br\/loja\/produto\/mimo-ossinho-id-decor-azul\/","og_locale":"pt_BR","og_type":"article","og_title":"Mimo Ossinho ID.Decor Azul - Puppy Boom","og_url":"https:\/\/puppyboom.com.br\/loja\/produto\/mimo-ossinho-id-decor-azul\/","og_site_name":"Puppy Boom","article_publisher":"https:\/\/www.facebook.com\/puppyboomoficial\/","article_modified_time":"2024-05-20T19:59:35+00:00","og_image":[{"width":1208,"height":800,"url":"https:\/\/puppyboom.com.br\/loja\/wp-content\/uploads\/2018\/05\/DSC_1936-1208x800.jpg","type":"image\/jpeg"}],"twitter_card":"summary_large_image","twitter_misc":{"Est. tempo de leitura":"1 minuto"},"schema":{"@context":"https:\/\/schema.org","@graph":[{"@type":"WebPage","@id":"https:\/\/puppyboom.com.br\/loja\/produto\/mimo-ossinho-id-decor-azul\/","url":"https:\/\/puppyboom.com.br\/loja\/produto\/mimo-ossinho-id-decor-azul\/","name":"Mimo Ossinho ID.Decor Azul - Puppy Boom","isPartOf":{"@id":"https:\/\/puppyboom.com.br\/loja\/#website"},"datePublished":"2018-05-18T14:26:51+00:00","dateModified":"2024-05-20T19:59:35+00:00","breadcrumb":{"@id":"https:\/\/puppyboom.com.br\/loja\/produto\/mimo-ossinho-id-decor-azul\/#breadcrumb"},"inLanguage":"pt-BR","potentialAction":[{"@type":"ReadAction","target":["https:\/\/puppyboom.com.br\/loja\/produto\/mimo-ossinho-id-decor-azul\/"]}]},{"@type":"BreadcrumbList","@id":"https:\/\/puppyboom.com.br\/loja\/produto\/mimo-ossinho-id-decor-azul\/#breadcrumb","itemListElement":[{"@type":"ListItem","position":1,"name":"In\u00edcio","item":"https:\/\/puppyboom.com.br\/loja\/"},{"@type":"ListItem","position":2,"name":"Shop","item":"https:\/\/puppyboom.com.br\/loja\/shop\/"},{"@type":"ListItem","position":3,"name":"Mimo Ossinho ID.Decor Azul"}]},{"@type":"WebSite","@id":"https:\/\/puppyboom.com.br\/loja\/#website","url":"https:\/\/puppyboom.com.br\/loja\/","name":"Puppy Boom","description":"Caminhas, Colchonetes e Futons para PET e Voc\u00ea (Terap\u00eauticos e Ortop\u00e9dicos)","publisher":{"@id":"https:\/\/puppyboom.com.br\/loja\/#organization"},"potentialAction":[{"@type":"SearchAction","target":{"@type":"EntryPoint","urlTemplate":"https:\/\/puppyboom.com.br\/loja\/?s={search_term_string}"},"query-input":"required name=search_term_string"}],"inLanguage":"pt-BR"},{"@type":"Organization","@id":"https:\/\/puppyboom.com.br\/loja\/#organization","name":"Puppy Boom","url":"https:\/\/puppyboom.com.br\/loja\/","logo":{"@type":"ImageObject","inLanguage":"pt-BR","@id":"https:\/\/puppyboom.com.br\/loja\/#\/schema\/logo\/image\/","url":"https:\/\/puppyboom.com.br\/loja\/wp-content\/uploads\/2019\/01\/logo-boleto.png","contentUrl":"https:\/\/puppyboom.com.br\/loja\/wp-content\/uploads\/2019\/01\/logo-boleto.png","width":145,"height":44,"caption":"Puppy Boom"},"image":{"@id":"https:\/\/puppyboom.com.br\/loja\/#\/schema\/logo\/image\/"},"sameAs":["https:\/\/www.facebook.com\/puppyboomoficial\/","https:\/\/www.instagram.com\/puppyboomoficial\/"]}]}},"_links":{"self":[{"href":"https:\/\/puppyboom.com.br\/loja\/wp-json\/wp\/v2\/product\/623"}],"collection":[{"href":"https:\/\/puppyboom.com.br\/loja\/wp-json\/wp\/v2\/product"}],"about":[{"href":"https:\/\/puppyboom.com.br\/loja\/wp-json\/wp\/v2\/types\/product"}],"replies":[{"embeddable":true,"href":"https:\/\/puppyboom.com.br\/loja\/wp-json\/wp\/v2\/comments?post=623"}],"wp:featuredmedia":[{"embeddable":true,"href":"https:\/\/puppyboom.com.br\/loja\/wp-json\/wp\/v2\/media\/667"}],"wp:attachment":[{"href":"https:\/\/puppyboom.com.br\/loja\/wp-json\/wp\/v2\/media?parent=623"}],"wp:term":[{"taxonomy":"product_cat","embeddable":true,"href":"https:\/\/puppyboom.com.br\/loja\/wp-json\/wp\/v2\/product_cat?post=623"},{"taxonomy":"product_tag","embeddable":true,"href":"https:\/\/puppyboom.com.br\/loja\/wp-json\/wp\/v2\/product_tag?post=623"}],"curies":[{"name":"wp","href":"https:\/\/api.w.org\/{rel}","templated":true}]}}